4*g = 4*t - 92. What are the prime factors of t?
2, 3
Let u = 216 + -26. What are the prime factors of u?
2, 5, 19
Let j be (62 - 0)*4/8. Suppose -3*u + 22 = 2*c, -4*c - 11 = -j. Suppose -u*g + 3 = 2*f - 41, f = -g + 17. List the prime factors of f.
2, 3
Let q = -92 + 249. List the prime factors of q.
157
Let p(f) = 1. Let k(y) = -y + 2. Let c(q) = k(q) - 3*p(q). Let m(n) = 3*n + 5. Let u(g) = 2*c(g) + m(g). What are the prime factors of u(6)?
3
Suppose 0 = -j - 8 + 34. What are the prime factors of j?
2, 13
Suppose 92 = 2*j + p - 2*p, 2*p = -j + 56. List the prime factors of j.
2, 3
What are the prime factors of (-21)/(-14) - (-66)/4?
2, 3
Suppose -7*c - 45 = -2*b - 2*c, -b = c - 33. What are the prime factors of b?
2, 3, 5
Suppose 18 = -f + 2*f. Let z = f + 7. Let u = z - 12. List the prime factors of u.
13
Suppose 4*m - 1064 + 336 = 0. What are the prime factors of m?
2, 7, 13
What are the prime factors of (-6)/4*110/(-15)?
11
Suppose -i - 7 = -o - 2*o, -3*i - 7 = -2*o. Let f be (-52)/i + 2/2. Suppose f = 5*w + 18. What are the prime factors of w?
7
Suppose 0*g - 4*g - 16 = 0, 5*g + 8 = -2*p. Suppose p*q = 2*q + 8. What are the prime factors of q?
2
Let m = -9 + 13. Suppose m*k - 3 = b + 12, -5*b + 2*k = -15. Suppose 3*z - 8 = 2*z + n, b*z - 35 = 4*n. List the prime factors of z.
3
List the prime factors of 12 + 3 + 0 + 0.
3, 5
Let x be 4/(-18) - 60/(-27). Suppose 0*j + 4*j - x*y = 68, -5*j = -3*y - 87. Suppose -8*q + 3*q + j = 0. What are the prime factors of q?
3
Suppose 78 = -c + 4*c. Suppose 0 = 3*r - c + 68. What are the prime factors of (-4)/14 + (-172)/r?
2, 3
Let b be (6/5)/((-6)/(-100)). Suppose -4*s + 0*j + 3 = -j, -4*s + 2*j = -6. Suppose s*y + 5*y - 80 = -l, 4*l = -b. What are the prime factors of y?
17
Let r be 12/1*8/16. Suppose 0 = 2*f - r - 0. What are the prime factors of f?
3
Let z(i) = -i**3 + 9*i**2 - 4*i + 10. List the prime factors of z(8).
2, 3, 7
Let r = 15 + 42. List the prime factors of r.
3, 19
Let g = 0 - 4. List the prime factors of 23 + -1 + g/4.
3, 7
Suppose -3*g - 11 = -n, -n + 3*n = 2*g + 10. Suppose -n*p - 18 + 60 = 0. Suppose 0*c = c + 3*j - p, 3*c - 24 = 4*j. What are the prime factors of c?
2, 3
Let b(q) = q + 3. Let y be b(-3). Let a(p) = 0*p**3 + 12 - p - p**3 + y*p**3. What are the prime factors of a(0)?
2, 3
Let z = 18 - 12. What are the prime factors of (-63)/(-6) - 3/z?
2, 5
Let d = 8 - 3. Let s = d + -2. Suppose 2*k = -s + 5, -u = 3*k - 10. What are the prime factors of u?
7
Let z(t) = -t**3 - 5*t**2 + 6*t + 2. Let p = -7 - -1. Let x be z(p). Suppose -q + x = -2. What are the prime factors of q?
2
Suppose 0*d + 8*d = 48. List the prime factors of d.
2, 3
Suppose 0 = -3*u + 4 - 1. Let r be 4 - (0 - -1)*u. Suppose -r*a + 3 = -n, 2*n = n + a + 3. What are the prime factors of n?
2, 3
Let q = 2 - 3. Let u(n) = -n**3 + 8*n**2 - 9*n - 10. Let m be u(7). List the prime factors of q/((1 - -2)/m).
2
Let m(g) = -23*g + 10. List the prime factors of m(-6).
2, 37
What are the prime factors of (-37)/(-6) + 4/(-24)?
2, 3
Let b(z) = -6*z**3 - z**2 + 1. Suppose 4*o = 4*n + 32, 0*n - o - 52 = 5*n. Let x = n - -9. List the prime factors of b(x).
2, 3
Let s = 13 + -7. Let j(h) = h - 1. Let x be j(s). Let z(p) = -p**3 + 6*p**2 - p - 1. List the prime factors of z(x).
19
List the prime factors of 10/(-4)*(-8)/2.
2, 5
Suppose -15 = 3*j, 2*d + j + j = 88. What are the prime factors of d?
7
Suppose -2*k + 112 = 5*u, 3*u + 2*k - 28 = 40. What are the prime factors of u?
2, 11
Let a(v) = v**3 - 6*v**2 + 7*v - 7. Let n(d) = 3*d**2 + 4*d + 1. Let t be n(-2). List the prime factors of a(t).
3
Let i = 324 - 211. List the prime factors of i.
113
Suppose 23 = 4*q + 3. Suppose q*a = 2*a + 33. What are the prime factors of a?
11
Suppose -31 = -5*a + 3*a + 3*t, 0 = -5*a + 5*t + 65. Suppose 0*b + b - a = 0. List the prime factors of b.
2
Suppose -r - 64 = 3*r + 4*d, 0 = d + 5. Let c = r - -29. What are the prime factors of c?
2, 3
What are the prime factors of (1*(-718)/5)/((-20)/50)?
359
Let b(z) = z**3 + 27*z**2 - 31*z + 25. List the prime factors of b(-28).
109
Let x be (-267)/(-21) + (-2)/(-7). Let q = x - 8. What are the prime factors of q?
5
What are the prime factors of 18 - 17 - (0 - 46)?
47
Let w be -1*(2 - (-1 - -16)). Let g = 18 - 18. Suppose g*x = -x + w. List the prime factors of x.
13
Let y = -32 + 48. List the prime factors of y.
2
Let j = 10 + -6. Suppose -h + 3*b - 12 = 2*h, 23 = -j*h - 3*b. Let i = 8 - h. List the prime factors of i.
13
Let c be (-3 + 4)*7 + 1. Suppose 0*t + c = 4*s + 4*t, 4*s - 8 = 2*t. List the prime factors of s.
2
Let v be 3 - (8 - 3) - -5. What are the prime factors of (-1)/v - (-120)/9?
13
Suppose -k - 3*k = -24. Suppose -3*g + 16 = 2*c + k, 3*c = -2*g + 20. What are the prime factors of c?
2
Suppose -2*f + 4*f = -88. Let y be (f/2)/(2 + -4). Let b = 6 + y. What are the prime factors of b?
17
Let h(w) = -w**3 + 5*w**2 + 8*w + 7. List the prime factors of h(-5).
7, 31
Let t(g) = g + 11. Let j be t(-8). Let v be -2*((-182)/4)/7. List the prime factors of (j - (3 - -1)) + v.
2, 3
Let l be (0 + -1)*(-316)/4. Let x = l - 47. What are the prime factors of x?
2
Suppose -3*v + 6*v + 4*z = 122, 3*z = 3*v - 87. Suppose 4*h - v = -2*p, h + 69 = 3*p - 2*h. List the prime factors of p.
3, 7
Let y be (-3)/6 - 1/(-2). Suppose -2*l - 7 + 25 = y. List the prime factors of l.
3
Let i(h) = 5*h**2 + 11*h - 2. List the prime factors of i(-5).
2, 17
Let l(r) = -r**3 - r**2 + r - 2. Suppose 0 = -3*s + 5 - 11. Let u be l(s). List the prime factors of u*(-2)/4 + 10.
2, 5
Suppose 2 - 1 = -i. Let b = i + 6. List the prime factors of b.
5
Let y(n) = 14*n**2 + 5*n - 4. List the prime factors of y(-3).
107
Let r = 57 + 68. What are the prime factors of r?
5
Let a be ((-3)/6)/((-2)/8). Let h(c) = 12*c - 2. List the prime factors of h(a).
2, 11
Let v = -1 - -3. Suppose -210 = -5*y + j, v*y + 5*j - 37 = 47. What are the prime factors of y?
2, 3, 7
Let m be 54 + (-3 + 2)*-1. Suppose -m = -5*x - q, -4*q = -x - q + 11. List the prime factors of x.
11
Suppose -v = -2*v - 6. Suppose 0 = -3*s - 9, 4*s - 74 = -4*a + 14. Let f = v + a. List the prime factors of f.
19
Let g be ((-1)/3)/(3/(-9)). Let r = -4 + g. What are the prime factors of ((-30)/r - 0)*1?
2, 5
Suppose 2*v = 5*u + 81, 0 = -5*v - 2*u + 177 - 18. Let h = v + -14. What are the prime factors of h?
19
Suppose 0 = -2*h - 3*h + 5*w - 20, h = -4*w + 11. Let a be (12/16)/(h/4). What are the prime factors of (-11)/a - 6/9?
3
Let y be (0/(-3))/(-3) - 0. Suppose l - 6*l + 60 = y. List the prime factors of l.
2, 3
Suppose -2*z - s + 242 = 0, -4*s = -2*z - 0*s + 262. List the prime factors of z.
3, 41
Let d = 1 - -2. Suppose d*q - 4 = 2. What are the prime factors of q?
2
Let k be 63/12 - 1/4. Suppose 0 = -k*a + 7 + 28. What are the prime factors of a?
7
Let p = -1 - -24. What are the prime factors of p?
23
Let m = 4 - 4. Let k = 3 - m. What are the prime factors of k?
3
Suppose 0 = -3*f - t + 21, f + 5*t = -f + 27. List the prime factors of f.
2, 3
Suppose 16 = -5*h + 156. What are the prime factors of h?
2, 7
Suppose 3*f = 37 + 26. What are the prime factors of f?
3, 7
Suppose -525 = -3*f - 2*f. Suppose -4*n - 29 = -f. List the prime factors of n.
19
Suppose t + 2*h = 12 + 15, 0 = -4*t - 3*h + 93. List the prime factors of t.
3, 7
Let x(y) = -y**3 + 5*y**2 - 2*y - 2. Let f be x(3). Let t = f - 2. List the prime factors of t.
2
Let d(w) = -w**3 - 7*w**2 - 5*w + 8. Let h be d(-6). Suppose 5 = -h*t - 23. List the prime factors of (10/(-4))/5*t.
7
Suppose 2*o - 30 = 98. What are the prime factors of o?
2
Let p(q) = 2*q**2 + 7*q + 4. Let k be (-100)/24 - 1/(-6). List the prime factors of p(k).
2
Suppose 3*i + 18 = -z, -15 - 10 = 5*i. What are the prime factors of 0 + 0 + (-6)/z?
2
Let y = 158 - 89. List the prime factors of y.
3, 23
Let s(j) = -2*j**3 + 3*j**2 + j - 2. Let v be s(-3). Let a = v - 45. List the prime factors of a.
31
Suppose 0 = -2*y + 4*w + 58, -w + 29 = y - 5*w. Suppose -41 = -5*f + y. List the prime factors of f.
2, 7
What are the prime factors of (-2 - -17)*(-44)/(-33)?
2, 5
Let k(c) = -3*c**3 - c**2 + 2. Let d be k(2). Let x = -16 - d. List the prime factors of x.
2, 5
Suppose 3*d - 5*s - 27 = 0, -7 + 1 = 2*s. Suppose 16 = -2*o + d*o. Let p = 17 - o. What ar